 7, 12 = 3*t - 5*b. List the prime factors of (t - (-14)/1) + -1.
2, 3
Suppose 3*l = -3*h - 123, -3*h = 2*l - 5*l + 141. Let m = 79 + h. What are the prime factors of m?
5, 7
Let p be 27/6 + 1/(-2). Suppose 4*t - 3*d = 463, 140 = t - p*d + 8. Suppose -4*s - 28 = -t. List the prime factors of s.
3, 7
Suppose 3*f + w + 18 - 143 = 0, 5*w = -3*f + 145. Suppose 0*o - f = -4*o - 2*m, 4*o - 5*m = 26. What are the prime factors of 3/((-1)/(-1*o))?
3
Suppose -8*g + 1004 = -892. List the prime factors of g.
3, 79
Let q be -5 + 1 - -3 - -5. Suppose -q*y + 408 + 24 = 0. List the prime factors of y.
2, 3
List the prime factors of ((-2)/(-6))/(48/95184).
661
Let m(j) = -28*j + 16. Let a(r) = -28*r + 17. Let f(v) = 4*a(v) - 5*m(v). What are the prime factors of f(3)?
2, 3
Let x = 5 + 10. Suppose 13*i + 36 = x*i. List the prime factors of i.
2, 3
Let y = 52 - 46. Suppose 4*h - 4*a = 640, 2*h - 332 = y*a - a. List the prime factors of h.
2, 3, 13
Suppose -h - h - 30 = 5*n, 0 = -3*n - 5*h - 37. List the prime factors of (18 + 0/4)*(-34)/n.
3, 17
Let r(a) = 7*a - 2. Let g be r(1). Let z(s) = -s + 7. Let p be z(g). Suppose -5*m - 4*k = -19, -m + 3*k + 2*k - p = 0. What are the prime factors of m?
3
Let x be (-6)/(1 - 4)*168. Let m = -212 + x. Suppose 182 = 3*i - 5*r, -m = -0*i - 2*i + 2*r. List the prime factors of i.
2
Suppose 0 = j + 2*s + 12, j - 7*s + 3*s = 6. Let x(t) be the first derivative of t**4/4 + 5*t**3/3 - 4*t**2 + 3*t - 2. List the prime factors of x(j).
3, 5
Let m(z) = 791*z + 29. List the prime factors of m(2).
3, 179
Let k(a) be the second derivative of 1/3*a**3 + 1/6*a**4 - 1/2*a**2 - 1/20*a**5 + 0 - 2*a. List the prime factors of k(-2).
11
Let t be (-5 - -4)*(-10)/(-2)*-1. List the prime factors of (-599)/(-4) + t/20.
2, 3, 5
Suppose 0*a + 3*a = 5*o + 497, -2*a + 2*o = -326. Suppose 0 = 3*m - 213 - a. List the prime factors of m.
2, 31
What are the prime factors of 42*(1296/(-7))/(-9)?
2, 3
Suppose 2*s - 3*s - 8 = -5*b, b + 2*s = 6. List the prime factors of (159/b)/(23/46).
3, 53
Let d(v) = -v - 8. Let p be d(0). Suppose 0 = w - 3*s, 4*w + 5*s - 70 = w. Let z = p + w. What are the prime factors of z?
7
Let y(i) = -2*i**3 - 6*i**2 + 6*i + 2. Let z be (-3)/6 + 18/(-4). Let p be y(z). Suppose -2*a + p = 2*l, -a - 6*l = -l - 48. List the prime factors of a.
3, 11
Suppose 3*f + 3*l + 0*l - 39 = 0, 10 = f - 2*l. Let a be 4*((f - 2) + -2). Let v = -2 + a. List the prime factors of v.
2, 3, 5
Let h = -2336 - -4712. What are the prime factors of h?
2, 3, 11
Let w = -34 + -183. Let y = w + 332. Suppose -4*d + 0*d + 5*r = -92, -5*d = -4*r - y. What are the prime factors of d?
23
Let k be 2/(-3) - 112/21. Let v be k/(-39) + 150/39. Suppose 0 = -r + v. List the prime factors of r.
2
Let l = 373 + 162. Let v = l + -348. Suppose 5*f = 3*x - v, 4*f + 65 + 59 = 2*x. What are the prime factors of x?
2
Suppose -3*n + 731 = 82*o - 80*o, -5*o - 3*n + 1850 = 0. List the prime factors of o.
373
Let w = -3 - -8. Let k(u) = 2*u**3 - 6*u**2 - 6*u - 2. What are the prime factors of k(w)?
2, 17
Suppose 3*c + 2 = -4*g, c - 4*g + 6 = 16. Suppose -2 = z - c*z. Suppose -48 = -a - z*a. What are the prime factors of a?
2
Suppose -2*f - 2*f = 0, 2*k + 3*f = 8. Suppose -683 + 99 = -k*s. List the prime factors of s.
2, 73
Let w = -1261 + 2621. What are the prime factors of w?
2, 5, 17
Suppose -81*p = -77*p - 16. What are the prime factors of ((-129)/p - -3)*-4?
3, 13
Let x = -942 - -4280. List the prime factors of x.
2, 1669
Suppose -4*d = 2*d. Suppose -2*f - 2*v - 3*v + 86 = 0, -3*v + 12 = d. List the prime factors of f.
3, 11
Let z(k) be the first derivative of -k**3 + 4*k - 2*k**2 + 1/4*k**4 - 7. List the prime factors of z(5).
2, 17
Suppose 239*u = 240*u - 939. List the prime factors of u.
3, 313
Let q = -10 + 16. Suppose 0 = -q*p + 3*p + 33. Suppose -1 = -s + p. What are the prime factors of s?
2, 3
Let h(b) = 22*b**2 + 37*b + 290. What are the prime factors of h(-8)?
2, 701
Let d(n) = n**3 + 22*n**2 + 11*n - 26. Let i be d(-17). List the prime factors of (12/8)/(12/i).
2, 7, 11
Let d(w) = -2 + 10*w**2 + 0 - 5*w**2. Suppose 238 - 224 = 7*z. List the prime factors of d(z).
2, 3
Let y(n) = -5 + 10 - 4. Let p(t) = 2*t**2 + 4*t + 10. Let s(x) = p(x) - 3*y(x). What are the prime factors of s(-5)?
37
Suppose h - 2*l = -17, -4*h + 3*l - 99 + 26 = 0. Let n(z) = z**3 + 18*z**2 - 21*z + 25. What are the prime factors of n(h)?
3, 7
Let o(w) = 9*w**2 - 5*w - 26. List the prime factors of o(13).
2, 5, 11, 13
Let i = 43 - 35. What are the prime factors of (9 - 2)/(1/i)?
2, 7
Suppose 0 = -5*l - 5*v + 4 + 1, -5*v - 31 = -4*l. Suppose 4*b - 5*b + 35 = 3*i, l*b + 4*i = 132. List the prime factors of b.
2
Suppose 0 = 31*d - 12*d - 84189. List the prime factors of d.
3, 7, 211
Let z = 35 + -19. Suppose 3*s + x = -z, -x + 2 = 3. Let i = 20 - s. What are the prime factors of i?
5
List the prime factors of 5532/14 + 114/133.
2, 3, 11
Let b be 3/(-2)*(-20)/15. Suppose -48 = -b*t + 38. List the prime factors of t.
43
Let a(g) = -g**3 - 9*g**2 - 9*g - 2. Let r be a(-8). Suppose w = r*w. Suppose w*l - 2*b + 14 = 2*l, 10 = -5*b. List the prime factors of l.
3
Let b(k) = -3*k + 20. Let j be b(-6). Suppose -j = -n + 24. List the prime factors of n.
2, 31
Suppose 0 = j - 190 - 552. List the prime factors of j.
2, 7, 53
Let n(a) = 13*a**2 - 7*a + 38. What are the prime factors of n(7)?
2, 313
Suppose -5*n + 23 = 78. Let g(d) = d**2 + 6*d - 19. List the prime factors of g(n).
2, 3
Suppose -6*l = 69 - 1341. List the prime factors of l.
2, 53
Suppose 0 = -3*u - 2*z + 5*z + 927, -3*z - 3 = 0. List the prime factors of u.
2, 7, 11
Suppose -3*g + 15 = 0, -2*a - 2*g + 7 = g. What are the prime factors of a*(-5)/10 - -38?
2, 5
What are the prime factors of 6622/4 + 2 - 20/40?
1657
Suppose -22*d = 9417 - 49303. List the prime factors of d.
7, 37
Suppose 4*a - 23 - 65 = 0. List the prime factors of a.
2, 11
Let r(a) = 823*a - 887. What are the prime factors of r(7)?
2, 2437
Let r = -19 - -22. Let s be r - (2 + -1 + -3). Let i = 8 - s. List the prime factors of i.
3
Suppose 5*c - 390 = 100. Suppose 1 = -d, 3*q - 3*d - c - 76 = 0. List the prime factors of q.
3, 19
Suppose 2*o - 4 = 4. Let b be ((-4)/(-5))/(o/10). Suppose -7*j + 2*j = 3*y - 91, 4*j = -b*y + 60. What are the prime factors of y?
2
Let q(o) = 5*o + 84*o**3 - 17 - 6*o**2 - 85*o**3 - o. What are the prime factors of q(-9)?
2, 5, 19
Let q(t) = 38*t + 26. List the prime factors of q(2).
2, 3, 17
Suppose -c + o = -17 - 14, -5*c + 155 = -2*o. Suppose -x - c = 2*k + k, 0 = 3*x + k + 61. Let q = 24 - x. What are the prime factors of q?
43
Let x(j) = 15*j**2 + 53*j - 447. What are the prime factors of x(11)?
1951
Suppose 0 = 8*s - 17258 + 3042. List the prime factors of s.
1777
Let b = 8 - 3. Suppose -251 = b*f + x, 2*f - 5*x = 4*f + 105. Let z = -34 - f. What are the prime factors of z?
2
Suppose n = 2 - 3, -5*g + 4*n = -14. Let c be (21/4)/(g/(-8)). What are the prime factors of 998/14 + 6/c?
71
Suppose 23899 = 24*p - 33317. What are the prime factors of p?
2, 149
Suppose -o = -2*c + 39 + 268, -310 = -2*c - 2*o. Suppose -180 - c = -3*g + l, 3*l - 428 = -4*g. What are the prime factors of g?
2, 5, 11
Let d be ((-1)/(-2))/((-4)/(-24)). Suppose -d*m + 8*m + 5*b = 10, 0 = 3*b - 3. List the prime factors of (m/(-2))/((-5)/580).
2, 29
Suppose 0 = 7*p - 3*p + 5*o - 9086, 0 = 5*p + o - 11347. List the prime factors of p.
2269
List the prime factors of ((-5454)/72)/(12/(-736)).
2, 23, 101
What are the prime factors of 40518/42 + 5*8/140?
5, 193
Let m(j) = j**2 + 15*j - 26. Let y be m(-18). Suppose 31*r = y*r + 474. What are the prime factors of r?
2, 79
Suppose -11*d + 16522 = -0*d. What are the prime factors of d?
2, 751
Suppose h - 30 = -5*d, -d = 3*d + 5*h - 45. Suppose d*w - 13 - 397 = 0. What are the prime factors of w?
2, 41
Suppose 8 = -w - 2*n, w - 4*n - 27 = n. Let g = 463 + -280. Suppose -r = w*r - g. What are the prime factors of r?
61
Let t be (-10)/15 + (-1)/3. Let b be -1 - (-2 + t) - -13. List the prime factors of (-80)/6*(-36)/b.
2
Let l(k) = k**3 - 2*k**2 + 2*k + 190. Let h be l(0). Let z = -100 + h. List the prime factors of z.
2, 3, 5
Let f be (-23)/(-3)*(0 + -3). Suppose -2*d + 3*o + 65 = 5, 46 = 2*d + 4*o. Let z = d + f. List the prime factors 